late the remainder when 39799 is divided by 129.
67
What is the remainder when 10257 is divided by 1139?
6
Calculate the remainder when 5902110 is divided by 32.
30
What is the remainder when 31441 is divided by 294?
277
What is the remainder when 16667 is divided by 395?
77
What is the remainder when 154841 is divided by 591?
590
What is the remainder when 1922 is divided by 557?
251
What is the remainder when 13173 is divided by 1059?
465
What is the remainder when 25457 is divided by 369?
365
Calculate the remainder when 525 is divided by 241.
43
What is the remainder when 15989 is divided by 1304?
341
Calculate the remainder when 9272 is divided by 8943.
329
Calculate the remainder when 61639 is divided by 67.
66
What is the remainder when 6728 is divided by 3345?
38
What is the remainder when 162887 is divided by 7?
4
What is the remainder when 162906 is divided by 556?
554
What is the remainder when 84272 is divided by 6018?
20
What is the remainder when 762 is divided by 37?
22
Calculate the remainder when 1523 is divided by 8.
3
Calculate the remainder when 96819 is divided by 38.
33
What is the remainder when 1235 is divided by 458?
319
What is the remainder when 11112 is divided by 11101?
11
Calculate the remainder when 6843 is divided by 2220.
183
Calculate the remainder when 42445 is divided by 1035.
10
What is the remainder when 6277 is divided by 100?
77
Calculate the remainder when 1649 is divided by 531.
56
Calculate the remainder when 416 is divided by 82.
6
Calculate the remainder when 72416 is divided by 12067.
14
What is the remainder when 817913 is divided by 6?
5
What is the remainder when 183647 is divided by 221?
217
What is the remainder when 327 is divided by 60?
27
Calculate the remainder when 15217 is divided by 5043.
88
What is the remainder when 58665 is divided by 317?
20
What is the remainder when 33109 is divided by 70?
69
Calculate the remainder when 156150 is divided by 326.
322
Calculate the remainder when 26945 is divided by 409.
360
Calculate the remainder when 1473 is divided by 32.
1
What is the remainder when 13673 is divided by 43?
42
Calculate the remainder when 108708 is divided by 141.
138
Calculate the remainder when 2433065 is divided by 129.
125
Calculate the remainder when 20552 is divided by 239.
237
What is the remainder when 32264 is divided by 250?
14
Calculate the remainder when 28536 is divided by 7081.
212
Calculate the remainder when 181893 is divided by 90932.
29
What is the remainder when 572343 is divided by 565?
563
Calculate the remainder when 53333 is divided by 303.
5
Calculate the remainder when 38477 is divided by 23.
21
Calculate the remainder when 359874 is divided by 27.
18
What is the remainder when 44996 is divided by 1405?
36
Calculate the remainder when 603595 is divided by 201193.
16
Calculate the remainder when 2130589 is divided by 7.
6
Calculate the remainder when 1195963 is divided by 34.
13
Calculate the remainder when 258964 is divided by 38.
32
Calculate the remainder when 67216 is divided by 1920.
16
Calculate the remainder when 341 is divided by 67.
6
What is the remainder when 64243 is divided by 37?
11
Calculate the remainder when 196466 is divided by 91.
88
What is the remainder when 41390 is divided by 209?
8
Calculate the remainder when 6055 is divided by 10.
5
What is the remainder when 42024 is divided by 60?
24
Calculate the remainder when 1322 is divided by 17.
13
Calculate the remainder when 6561 is divided by 1640.
1
Calculate the remainder when 14527 is divided by 20.
7
Calculate the remainder when 8601 is divided by 951.
42
What is the remainder when 136686 is divided by 33?
0
Calculate the remainder when 1141 is divided by 554.
33
What is the remainder when 1395955 is divided by 9?
1
What is the remainder when 2066 is divided by 89?
19
What is the remainder when 148032 is divided by 228?
60
Calculate the remainder when 388591 is divided by 97139.
35
What is the remainder when 1109 is divided by 167?
107
Calculate the remainder when 19565 is divided by 730.
585
Calculate the remainder when 8416 is divided by 2075.
116
Calculate the remainder when 588 is divided by 328.
260
What is the remainder when 6126 is divided by 1474?
230
Calculate the remainder when 51222 is divided by 152.
150
What is the remainder when 734 is divided by 94?
76
Calculate the remainder when 93533 is divided by 15.
8
Calculate the remainder when 87713 is divided by 102.
95
What is the remainder when 1506 is divided by 7?
1
What is the remainder when 105073 is divided by 25?
23
What is the remainder when 1384656 is divided by 14?
0
What is the remainder when 2529 is divided by 226?
43
What is the remainder when 446884 is divided by 23?
17
Calculate the remainder when 397 is divided by 195.
7
Calculate the remainder when 2060 is divided by 662.
74
What is the remainder when 7531 is divided by 1881?
7
Calculate the remainder when 238607 is divided by 84.
47
What is the remainder when 1171965 is divided by 48?
45
What is the remainder when 5503 is divided by 1793?
124
Calculate the remainder when 23027 is divided by 6.
5
Calculate the remainder when 2382 is divided by 512.
334
Calculate the remainder when 11902 is divided by 57.
46
Calculate the remainder when 3066 is divided by 3023.
43
What is the remainder when 232741 is divided by 29?
16
What is the remainder when 767389 is divided by 10?
9
What is the remainder when 4530 is divided by 21?
15
Calculate the remainder when 3441 is divided by 219.
156
Calculate the remainder when 236661 is divided by 152.
149
Calculate the remainder when 174987 is divided by 164.
163
Calculate the remainder when 153534 is divided by 131.
2
What is the remainder when 3530 is divided by 180?
110
What is the remainder when 223659 is divided by 53?
52
Calculate the remainder when 9936 is divided by 1533.
738
What is the remainder when 27876 is divided by 40?
36
What is the remainder when 5474 is divided by 5447?
27
Calculate the remainder when 19908 is divided by 64.
4
Calculate the remainder when 27716 is divided by 9230.
26
What is the remainder when 7814 is divided by 303?
239
Calculate the remainder when 104234 is divided by 52050.
134
What is the remainder when 3709 is divided by 196?
181
What is the remainder when 2517 is divided by 622?
29
What is the remainder when 6140 is divided by 2003?
131
Calculate the remainder when 1757 is divided by 968.
789
What is the remainder when 12990 is divided by 1175?
65
Calculate the remainder when 104870 is divided by 42.
38
What is the remainder when 67623 is divided by 51?
48
What is the remainder when 3875 is divided by 41?
21
Calculate the remainder when 7916 is divided by 1317.
14
What is the remainder when 4822 is divided by 53?
52
What is the remainder when 22376 is divided by 20?
16
Calculate the remainder when 114998 is divided by 184.
182
Calculate the remainder when 1460348 is divided by 363.
362
Calculate the remainder when 5336 is divided by 738.
170
Calculate the remainder when 3690 is divided by 8.
2
What is the remainder when 490 is divided by 471?
19
What is the remainder when 1900 is divided by 101?
82
Calculate the remainder when 57935 is divided by 905.
15
Calculate the remainder when 733 is divided by 222.
67
What is the remainder when 72420 is divided by 2263?
4
Calculate the remainder when 5564 is divided by 125.
64
Calculate the remainder when 3903 is divided by 183.
60
Calculate the remainder when 89382 is divided by 177.
174
Calculate the remainder when 7970 is divided by 974.
178
Calculate the remainder when 14592 is divided by 58.
34
Calculate the remainder when 7250 is divided by 13.
9
What is the remainder when 25278 is divided by 6319?
2
Calculate the remainder when 7797 is divided by 1944.
21
Calculate the remainder when 10887 is divided by 242.
239
Calculate the remainder when 52311 is divided by 14.
7
Calculate the remainder when 2140 is divided by 175.
40
Calculate the remainder when 602410 is divided by 51.
49
What is the remainder when 2403829 is divided by 13?
12
Calculate the remainder when 21303 is divided by 105.
93
Calculate the remainder when 2470740 is divided by 517.
514
What is the remainder when 7504 is divided by 423?
313
Calculate the remainder when 7895